a be 167/3 - 10/15. Let k = -19 + a. What is the greatest common factor of v and k?
12
Let h = 34578 - 18219. Calculate the highest common factor of 38 and h.
19
Suppose 3*j - 59 = 40. Suppose -26*g + 27*g = 80. Suppose -q + 5*c + j = 3*c, 5*c - g = -4*q. Calculate the highest common divisor of q and 25.
25
Suppose -5*t = -6*t - 3*w - 3, 2*t - 3*w - 21 = 0. Let v be (-45)/t*(-56)/10. Let u = -20 + 314. What is the highest common factor of u and v?
42
Suppose 84 = 4*z + 32. Suppose z*m - 4*m = 378. Calculate the greatest common factor of 6 and m.
6
Let i(g) = -2*g**2 + 16*g - 5. Let h = -37 + 45. Let f be i(h). Let t be 8*(2/(-4) - (1 + f)). Calculate the highest common divisor of t and 4.
4
Let t be (-1 - -175)/1 - -3. Let q = -87 + t. Let l be (-3)/(q/12) - (-107)/5. Calculate the highest common divisor of 147 and l.
21
Suppose 17 = 3*p - 25. Let w = p + 13. Let h be (-81)/(-18)*(-6)/(-1). Calculate the highest common divisor of h and w.
27
Suppose 6*c - 9*c = -96. Let x be (-2)/((-4)/9) - 18/36. Suppose w = -x*w + 120. Calculate the highest common divisor of c and w.
8
Let p be (-468)/84*49/(-28)*4. What is the highest common divisor of 793 and p?
13
Let u(p) = 176*p**3 - 2*p + 1. Let r be u(1). Let w(y) = -5*y + 37 + 0*y + 2*y. Let i be w(-11). What is the greatest common factor of r and i?
35
Suppose 1 - 8 = 4*z + 3*p, 2*z - 19 = 3*p. Suppose 4*i + z*m + 3 = 1, 5*m + 35 = 5*i. Calculate the highest common divisor of i and 14.
2
Let a be (-15 - -4)/((-2)/24). Let h(z) = 3*z**2 + 3*z + 2. Let u be h(-1). Let x be (u/4)/((-388)/(-96) - 4). What is the highest common divisor of a and x?
12
Let g(k) = -11*k**2 + 5*k - 4. Let p be g(1). Let u(o) = o**2 + 13*o + 35. Let r be u(p). What is the highest common divisor of r and 65?
5
Suppose -15*o - 44380 = -18*o - 17*o. Calculate the highest common factor of o and 7.
7
Suppose -2*w + 0*w + 6050 = 20*w. Let v be -11*(6/3 - 3). What is the highest common factor of w and v?
11
Let m = -200 + 195. Let k be m - 0 - (-31 - -3). What is the greatest common divisor of k and 989?
23
Let m = -123 - -213. Suppose -5*k + 155 = m. Calculate the highest common divisor of 13 and k.
13
Suppose 3*j + 7 = 106. Let w(o) = -171*o + 21. Let z(d) = -6*d - 8. Let u be z(-1). Let m be w(u). What is the greatest common factor of m and j?
33
Suppose -159*p + 1440 = -147*p. What is the highest common divisor of p and 390?
30
Suppose 4*t + 528 = -4*i, -t + 120 = -i - 5*t. Let q = 171 + i. Calculate the greatest common factor of q and 665.
35
Suppose -4*c + 10031 = -u, 4*u - 7365 - 5158 = -5*c. What is the highest common factor of 115 and c?
23
Let f = 262 + -238. Suppose 580 = f*c + 5*c. What is the greatest common factor of c and 8?
4
Suppose -19*g - 74 = -435. Suppose -2015 = -g*i + 379. Suppose -2*v - 3*d - d + 56 = 0, -59 = -3*v - d. Calculate the highest common factor of v and i.
18
Suppose r - 24 = -r. Let j = 24662 + -24644. What is the greatest common factor of r and j?
6
Let t(p) be the second derivative of 23*p**5/10 - p**4/6 - 5*p**3/6 + 3*p**2 - 3*p - 56. Let y be t(1). Calculate the greatest common factor of 60 and y.
15
Suppose a = 4*j + 8778, 5*a - 3*j = 2421 + 41350. What is the greatest common factor of 42 and a?
14
Let k = -681 + 730. Let r = -11 + 4. Let x be (-141)/(-21) + (-2)/r. Calculate the greatest common factor of x and k.
7
Let v = -2007 + 3246. Let g = v - 618. Calculate the greatest common factor of g and 23.
23
Let j = 745 + -743. Let n(p) = 5*p**3 - 3*p**2 - 3*p**2 + p + 2 + 2*p + p**2. Let u be n(j). Calculate the greatest common divisor of u and 112.
28
Let q be -10*2/(-8)*2. Let v = -1048 + 1133. What is the highest common divisor of q and v?
5
Let b = -8318 - -8335. What is the highest common divisor of b and 2176?
17
Let i = 80 - 55. Let c(l) = -l**3 + 24*l**2 + 26*l - 13. Let p be c(i). Calculate the greatest common factor of 60 and p.
12
Suppose -6*i + 3*n = -11*i + 19536, 5*n = 5*i - 19520. What is the highest common divisor of 252 and i?
126
Suppose -4*y + 4 = -12. Suppose -2*t + y*n + 0*n + 54 = 0, -4*t = -n - 136. Calculate the greatest common divisor of t and 280.
35
Let g(h) = 15*h**3 + h**2 + 28*h - 26. Let o be g(1). Suppose 0 = 5*v - 2 - 163. Calculate the greatest common factor of v and o.
3
Suppose -2*p - 70 = -9*p. Let b(h) = h**2 - 8*h + 8. Let c be b(p). Let w be (56/10)/(2/40). What is the greatest common factor of c and w?
28
Suppose -l = -5*i + 87, 7*l + 4*i = 6*l - 96. Let s = l + 96. What is the greatest common factor of 336 and s?
4
Let y be (-168)/56 - (0 + 127*-6). What is the greatest common factor of y and 18?
3
Let u = -75 + 95. Let v = -1063 + 1078. What is the greatest common factor of v and u?
5
Suppose 0 = -86*h + 91*h + 660. Let x = -80 - h. Let p be ((-26)/(-3))/((-2)/(-3)). What is the greatest common factor of p and x?
13
Let u = 302 + -271. Let f(y) = 109*y**2 - 2*y. Let a be f(2). Let o = a + -246. What is the greatest common factor of u and o?
31
Suppose -4*x + 161 = 3*z, z - 3*x = -8*x + 28. What is the highest common divisor of z and 203?
7
Let v(m) = m**3 - 4*m**2 + 7*m - 26. Let y be v(5). What is the highest common factor of 7582 and y?
34
Let o(m) = 7*m**2 - 7*m + 4. Let l be o(2). Suppose 31*b - l*b - 1105 = 0. Calculate the highest common factor of b and 17.
17
Suppose 4*c + 12 = 2*c. Let y be (2/c)/((-8)/48). Suppose -y*r + 107 = 3*v - 28, 3*r - 3*v - 165 = 0. Calculate the greatest common factor of r and 24.
12
Suppose -8*n + 65 = 5*l - 13*n, 0 = 4*l - 5*n - 47. Let m be (-4)/((-108)/813) - 2/l. Calculate the highest common divisor of m and 40.
10
Let j = 3202 - 2680. What is the highest common divisor of 45 and j?
9
Suppose -28*a - 41*a = 102*a - 3903930. What is the highest common divisor of a and 90?
30
Let m be 3/5 - (-4 + 652/(-5)). Let h(x) = 7*x**3 - x**2 + 3*x - 4. Suppose 0*q = -4*q + 8. Let p be h(q). What is the highest common factor of p and m?
27
Let t = 175 - 459. Let n = t - -294. Calculate the greatest common divisor of 610 and n.
10
Let z = 243 + -108. Suppose -10 = -4*b + 2. Let q be b/(-6) - (-93)/6. What is the greatest common factor of z and q?
15
Suppose 69438*v - 69362*v - 69 = 1071. Let q be (-4)/14 - 282/(-7). Calculate the greatest common divisor of q and v.
5
Suppose 5 - 14 = -3*s, 0 = -4*i - 4*s + 28. Let p be 748 - (i + 2 + 1). What is the highest common factor of 39 and p?
39
Let b be (-3)/(12/(-40)) + 2/1. Calculate the highest common factor of 924 and b.
12
Suppose 3*t + 21*t - 192 = 0. Let d(j) = 2*j - 3*j - 2 - j**3 + 6 - j - 6*j**2. Let k be d(-6). Calculate the greatest common divisor of t and k.
8
Let k be 45/12 + -3 + (-197)/(-4). Let p(w) = -w**3 - 10*w**2 + 23*w - 10. Let r be p(-12). What is the greatest common divisor of k and r?
2
Let q = 1192 + -812. What is the highest common factor of 228 and q?
76
Suppose -13*s - 24622 = -26312. What is the highest common factor of 1890 and s?
10
Let v(c) be the third derivative of c**6/120 + 2*c**5/15 - c**4/3 + 19*c**3/6 - 10*c**2 + 2. Let d be v(-9). Calculate the highest common factor of 110 and d.
10
Suppose 5*w + 5521*f - 5518*f - 356 = 0, -5*f = 2*w - 131. Let k(v) = 17*v**3 + 4*v**2 + 3*v + 4. Let j be k(4). What is the greatest common divisor of w and j?
73
Suppose 2*u = -v + 49, -32 = -u + v - 18. Calculate the greatest common divisor of 2030 and u.
7
Let s be 33*-1*(-7)/(-3). Suppose 2*c + 93 = h, 4*c = 4*h + c - 367. Let j = s + h. What is the greatest common factor of 7 and j?
7
Suppose 11*s = 85*s + 52*s - 7812. What is the highest common divisor of s and 9362?
62
Let i(p) = 91*p + 917. Let f be i(-9). Calculate the highest common factor of 434 and f.
14
Let o be (-7*1)/(8778/(-300960)). Let u be (-2)/3*-3*4. Calculate the greatest common divisor of u and o.
8
Let s = 2 + -22. Let n be s/(-35) + 6172/28. Calculate the highest common factor of n and 17.
17
Let y = -229 + 254. Let s be ((-80)/y)/((-2)/95). Calculate the greatest common factor of s and 8.
8
Suppose -2*m + 1460 = 4*z, 19 = -5*m - 1. Suppose 0 = -2*n - 11*f + 14*f + z, n - f - 181 = 0. What is the highest common factor of n and 22?
22
Let y(w) = 3*w**2 - 81*w + 219. Let f be y(24). Calculate the highest common factor of f and 384.
3
Suppose 0 = -33*m + 36*m - 6. Suppose -y + 8 = -3*o 